{"id":889,"date":"2016-07-20T13:48:25","date_gmt":"2016-07-20T11:48:25","guid":{"rendered":"http:\/\/bvs.lu\/?page_id=889&#038;lang=fr"},"modified":"2021-06-09T11:09:46","modified_gmt":"2021-06-09T09:09:46","slug":"criteres-de-qualite","status":"publish","type":"page","link":"https:\/\/bvs.lu\/fr\/criteres-de-qualite\/","title":{"rendered":"Crit\u00e8res de qualit\u00e9"},"content":{"rendered":"<p>[et_pb_section fb_built=\u00a0\u00bb1&Prime; inner_shadow=\u00a0\u00bbon\u00a0\u00bb fullwidth=\u00a0\u00bbon\u00a0\u00bb custom_padding_last_edited=\u00a0\u00bbon|desktop\u00a0\u00bb admin_label=\u00a0\u00bbsection\u00a0\u00bb _builder_version=\u00a0\u00bb3.22&Prime; background_color=\u00a0\u00bb#4374d1&Prime; custom_padding_tablet=\u00a0\u00bb50px|0|50px|0&Prime; custom_padding_phone=\u00a0\u00bb\u00a0\u00bb transparent_background=\u00a0\u00bboff\u00a0\u00bb padding_mobile=\u00a0\u00bboff\u00a0\u00bb][et_pb_fullwidth_header title=\u00a0\u00bbCrit\u00e8res de qualit\u00e9\u00a0\u00bb title_font_color=\u00a0\u00bb#ffffff\u00a0\u00bb admin_label=\u00a0\u00bbVollbreite Kopfzeile\u00a0\u00bb _builder_version=\u00a0\u00bb3.16&Prime; title_text_color=\u00a0\u00bb#ffffff\u00a0\u00bb title_font_size=\u00a0\u00bb35px\u00a0\u00bb background_color=\u00a0\u00bb#9586e1&Prime; background_image=\u00a0\u00bbhttps:\/\/bvs.lu\/wp-content\/uploads\/2016\/06\/labo-small-3-1.jpg\u00a0\u00bb custom_css_title=\u00a0\u00bbtext-shadow: 2px 2px #000;\u00a0\u00bb background_url=\u00a0\u00bbhttps:\/\/bvs.lu\/wp-content\/uploads\/2016\/06\/labo-small-3-1.jpg\u00a0\u00bb button_one_text_size__hover_enabled=\u00a0\u00bboff\u00a0\u00bb button_two_text_size__hover_enabled=\u00a0\u00bboff\u00a0\u00bb button_one_text_color__hover_enabled=\u00a0\u00bboff\u00a0\u00bb button_two_text_color__hover_enabled=\u00a0\u00bboff\u00a0\u00bb button_one_border_width__hover_enabled=\u00a0\u00bboff\u00a0\u00bb button_two_border_width__hover_enabled=\u00a0\u00bboff\u00a0\u00bb button_one_border_color__hover_enabled=\u00a0\u00bboff\u00a0\u00bb button_two_border_color__hover_enabled=\u00a0\u00bboff\u00a0\u00bb button_one_border_radius__hover_enabled=\u00a0\u00bboff\u00a0\u00bb button_two_border_radius__hover_enabled=\u00a0\u00bboff\u00a0\u00bb button_one_letter_spacing__hover_enabled=\u00a0\u00bboff\u00a0\u00bb button_two_letter_spacing__hover_enabled=\u00a0\u00bboff\u00a0\u00bb button_one_bg_color__hover_enabled=\u00a0\u00bboff\u00a0\u00bb button_two_bg_color__hover_enabled=\u00a0\u00bboff\u00a0\u00bb] [\/et_pb_fullwidth_header][\/et_pb_section][et_pb_section fb_built=\u00a0\u00bb1&Prime; admin_label=\u00a0\u00bbSektion\u00a0\u00bb _builder_version=\u00a0\u00bb3.22&Prime;][et_pb_row admin_label=\u00a0\u00bbZeile\u00a0\u00bb _builder_version=\u00a0\u00bb3.25&Prime; background_size=\u00a0\u00bbinitial\u00a0\u00bb background_position=\u00a0\u00bbtop_left\u00a0\u00bb background_repeat=\u00a0\u00bbrepeat\u00a0\u00bb custom_padding=\u00a0\u00bb27px|0px|26px|0px|false|false\u00a0\u00bb][et_pb_column type=\u00a0\u00bb4_4&Prime; _builder_version=\u00a0\u00bb3.25&Prime; custom_padding=\u00a0\u00bb|||\u00a0\u00bb custom_padding__hover=\u00a0\u00bb|||\u00a0\u00bb][et_pb_image align_tablet=\u00a0\u00bbcenter\u00a0\u00bb align_phone=\u00a0\u00bb\u00a0\u00bb align_last_edited=\u00a0\u00bbon|desktop\u00a0\u00bb admin_label=\u00a0\u00bbBild\u00a0\u00bb _builder_version=\u00a0\u00bb3.23&Prime; animation_style=\u00a0\u00bbslide\u00a0\u00bb animation_direction=\u00a0\u00bbleft\u00a0\u00bb animation_duration=\u00a0\u00bb500ms\u00a0\u00bb animation_intensity_slide=\u00a0\u00bb10%\u00a0\u00bb use_border_color=\u00a0\u00bboff\u00a0\u00bb border_color=\u00a0\u00bb#ffffff\u00a0\u00bb border_style=\u00a0\u00bbsolid\u00a0\u00bb animation=\u00a0\u00bbleft\u00a0\u00bb sticky=\u00a0\u00bboff\u00a0\u00bb] [\/et_pb_image][et_pb_text admin_label=\u00a0\u00bbText\u00a0\u00bb _builder_version=\u00a0\u00bb3.27.4&Prime; text_text_color=\u00a0\u00bb#000000&Prime; background_size=\u00a0\u00bbinitial\u00a0\u00bb background_position=\u00a0\u00bbtop_left\u00a0\u00bb background_repeat=\u00a0\u00bbrepeat\u00a0\u00bb use_border_color=\u00a0\u00bboff\u00a0\u00bb border_color=\u00a0\u00bb#ffffff\u00a0\u00bb border_style=\u00a0\u00bbsolid\u00a0\u00bb]<\/p>\n<p>&nbsp;<\/p>\n<p>La <strong>BL\u00c9I VUM S\u00c9I<\/strong> est membre de la famille commerciale \u201evum S\u00e9i\u201c. C&rsquo;est sous ce nom et label qu&rsquo;elle fabrique ses produits suivant les crit\u00e8res et prescriptions du cahier de charge sous le contr\u00f4le de l&rsquo;administration du parc naturel de la Haute-S\u00fbre. Cela concerne notamment la provenance des mati\u00e8res premi\u00e8res, la technique de production, les tests sanitaires, le contr\u00f4le bact\u00e9riologique, ainsi que la tra\u00e7abilit\u00e9 des ingr\u00e9dients.<\/p>\n<p><strong>Depuis le 1er juillet 2019 la <em>Bl\u00e9i vum S\u00e9i<\/em> garantit une production sans parab\u00e8ne, sans ph\u00e9oxy\u00e9thanol et sans r\u00e9sidu phytosanitaire.<\/strong><\/p>\n<p>[\/et_pb_text][\/et_pb_column][\/et_pb_row][et_pb_row _builder_version=\u00a0\u00bb4.9.4&Prime; _module_preset=\u00a0\u00bbdefault\u00a0\u00bb][et_pb_column type=\u00a0\u00bb4_4&Prime; _builder_version=\u00a0\u00bb4.9.4&Prime; _module_preset=\u00a0\u00bbdefault\u00a0\u00bb][et_pb_image src=\u00a0\u00bbhttps:\/\/bvs.lu\/wp-content\/uploads\/2021\/05\/SDK-3.jpg\u00a0\u00bb title_text=\u00a0\u00bbSDK-3&Prime; align=\u00a0\u00bbcenter\u00a0\u00bb _builder_version=\u00a0\u00bb4.9.4&Prime; _module_preset=\u00a0\u00bbdefault\u00a0\u00bb box_shadow_style=\u00a0\u00bbpreset1&Prime;][\/et_pb_image][\/et_pb_column][\/et_pb_row][et_pb_row admin_label=\u00a0\u00bbZeile\u00a0\u00bb _builder_version=\u00a0\u00bb3.25&Prime; background_size=\u00a0\u00bbinitial\u00a0\u00bb background_position=\u00a0\u00bbtop_left\u00a0\u00bb background_repeat=\u00a0\u00bbrepeat\u00a0\u00bb][et_pb_column type=\u00a0\u00bb4_4&Prime; _builder_version=\u00a0\u00bb3.25&Prime; custom_padding=\u00a0\u00bb|||\u00a0\u00bb custom_padding__hover=\u00a0\u00bb|||\u00a0\u00bb][et_pb_image src=\u00a0\u00bbhttps:\/\/bvs.lu\/wp-content\/uploads\/2016\/06\/Sans-titre-1.jpg\u00a0\u00bb align=\u00a0\u00bbcenter\u00a0\u00bb align_tablet=\u00a0\u00bbcenter\u00a0\u00bb align_phone=\u00a0\u00bb\u00a0\u00bb align_last_edited=\u00a0\u00bbon|desktop\u00a0\u00bb admin_label=\u00a0\u00bbBild\u00a0\u00bb _builder_version=\u00a0\u00bb3.23&Prime; animation_style=\u00a0\u00bbslide\u00a0\u00bb animation_direction=\u00a0\u00bbleft\u00a0\u00bb animation_duration=\u00a0\u00bb500ms\u00a0\u00bb animation_intensity_slide=\u00a0\u00bb10%\u00a0\u00bb use_border_color=\u00a0\u00bboff\u00a0\u00bb border_color=\u00a0\u00bb#ffffff\u00a0\u00bb border_style=\u00a0\u00bbsolid\u00a0\u00bb animation=\u00a0\u00bbleft\u00a0\u00bb sticky=\u00a0\u00bboff\u00a0\u00bb] [\/et_pb_image][\/et_pb_column][\/et_pb_row][\/et_pb_section]<\/p>\n","protected":false},"excerpt":{"rendered":"<p>&nbsp; La BL\u00c9I VUM S\u00c9I est membre de la famille commerciale \u201evum S\u00e9i\u201c. C&rsquo;est sous ce nom et label qu&rsquo;elle fabrique ses produits suivant les crit\u00e8res et prescriptions du cahier de charge sous le contr\u00f4le de l&rsquo;administration du parc naturel de la Haute-S\u00fbre. Cela concerne notamment la provenance des mati\u00e8res premi\u00e8res, la technique de production, [&hellip;]<\/p>\n","protected":false},"author":1,"featured_media":0,"parent":0,"menu_order":0,"comment_status":"closed","ping_status":"closed","template":"","meta":{"_et_pb_use_builder":"on","_et_pb_old_content":"<p>Hei kennt den Text dran.<\/p>","_et_gb_content_width":"","footnotes":""},"class_list":["post-889","page","type-page","status-publish","hentry"],"_links":{"self":[{"href":"https:\/\/bvs.lu\/fr\/wp-json\/wp\/v2\/pages\/889","targetHints":{"allow":["GET"]}}],"collection":[{"href":"https:\/\/bvs.lu\/fr\/wp-json\/wp\/v2\/pages"}],"about":[{"href":"https:\/\/bvs.lu\/fr\/wp-json\/wp\/v2\/types\/page"}],"author":[{"embeddable":true,"href":"https:\/\/bvs.lu\/fr\/wp-json\/wp\/v2\/users\/1"}],"replies":[{"embeddable":true,"href":"https:\/\/bvs.lu\/fr\/wp-json\/wp\/v2\/comments?post=889"}],"version-history":[{"count":9,"href":"https:\/\/bvs.lu\/fr\/wp-json\/wp\/v2\/pages\/889\/revisions"}],"predecessor-version":[{"id":2252,"href":"https:\/\/bvs.lu\/fr\/wp-json\/wp\/v2\/pages\/889\/revisions\/2252"}],"wp:attachment":[{"href":"https:\/\/bvs.lu\/fr\/wp-json\/wp\/v2\/media?parent=889"}],"curies":[{"name":"wp","href":"https:\/\/api.w.org\/{rel}","templated":true}]}}

Critères de qualité

<p>[et_pb_section fb_built= »1&Prime; inner_shadow= »on » fullwidth= »on » custom_padding_last_edited= »on|desktop » admin_label= »section » _builder_version= »3.22&Prime; background_color= »#4374d1&Prime; custom_padding_tablet= »50px|0|50px|0&Prime; custom_padding_phone= » » transparent_background= »off » padding_mobile= »off »][et_pb_fullwidth_header title= »Critères de qualité » title_font_color= »#ffffff » admin_label= »Vollbreite Kopfzeile » _builder_version= »3.16&Prime; title_text_color= »#ffffff » title_font_size= »35px » background_color= »#9586e1&Prime; background_image= »https://bvs.lu/wp-content/uploads/2016/06/labo-small-3-1.jpg » custom_css_title= »text-shadow: 2px 2px #000; » background_url= »https://bvs.lu/wp-content/uploads/2016/06/labo-small-3-1.jpg » button_one_text_size__hover_enabled= »off » button_two_text_size__hover_enabled= »off » button_one_text_color__hover_enabled= »off » button_two_text_color__hover_enabled= »off » button_one_border_width__hover_enabled= »off » button_two_border_width__hover_enabled= »off » button_one_border_color__hover_enabled= »off » button_two_border_color__hover_enabled= »off » button_one_border_radius__hover_enabled= »off » button_two_border_radius__hover_enabled= »off » button_one_letter_spacing__hover_enabled= »off » button_two_letter_spacing__hover_enabled= »off » button_one_bg_color__hover_enabled= »off » button_two_bg_color__hover_enabled= »off »] [/et_pb_fullwidth_header][/et_pb_section][et_pb_section fb_built= »1&Prime; admin_label= »Sektion » _builder_version= »3.22&Prime;][et_pb_row admin_label= »Zeile » _builder_version= »3.25&Prime; background_size= »initial » background_position= »top_left » background_repeat= »repeat » custom_padding= »27px|0px|26px|0px|false|false »][et_pb_column type= »4_4&Prime; _builder_version= »3.25&Prime; custom_padding= »||| » custom_padding__hover= »||| »][et_pb_image align_tablet= »center » align_phone= » » align_last_edited= »on|desktop » admin_label= »Bild » _builder_version= »3.23&Prime; animation_style= »slide » animation_direction= »left » animation_duration= »500ms » animation_intensity_slide= »10% » use_border_color= »off » border_color= »#ffffff » border_style= »solid » animation= »left » sticky= »off »] [/et_pb_image][et_pb_text admin_label= »Text » _builder_version= »3.27.4&Prime; text_text_color= »#000000&Prime; background_size= »initial » background_position= »top_left » background_repeat= »repeat » use_border_color= »off » border_color= »#ffffff » border_style= »solid »]</p>
<p>&nbsp;</p>
<p>La <strong>BLÉI VUM SÉI</strong> est membre de la famille commerciale „vum Séi“. C&rsquo;est sous ce nom et label qu&rsquo;elle fabrique ses produits suivant les critères et prescriptions du cahier de charge sous le contrôle de l&rsquo;administration du parc naturel de la Haute-Sûre. Cela concerne notamment la provenance des matières premières, la technique de production, les tests sanitaires, le contrôle bactériologique, ainsi que la traçabilité des ingrédients.</p>
<p><strong>Depuis le 1er juillet 2019 la <em>Bléi vum Séi</em> garantit une production sans parabène, sans phéoxyéthanol et sans résidu phytosanitaire.</strong></p>
<p>[/et_pb_text][/et_pb_column][/et_pb_row][et_pb_row _builder_version= »4.9.4&Prime; _module_preset= »default »][et_pb_column type= »4_4&Prime; _builder_version= »4.9.4&Prime; _module_preset= »default »][et_pb_image src= »https://bvs.lu/wp-content/uploads/2021/05/SDK-3.jpg » title_text= »SDK-3&Prime; align= »center » _builder_version= »4.9.4&Prime; _module_preset= »default » box_shadow_style= »preset1&Prime;][/et_pb_image][/et_pb_column][/et_pb_row][et_pb_row admin_label= »Zeile » _builder_version= »3.25&Prime; background_size= »initial » background_position= »top_left » background_repeat= »repeat »][et_pb_column type= »4_4&Prime; _builder_version= »3.25&Prime; custom_padding= »||| » custom_padding__hover= »||| »][et_pb_image src= »https://bvs.lu/wp-content/uploads/2016/06/Sans-titre-1.jpg » align= »center » align_tablet= »center » align_phone= » » align_last_edited= »on|desktop » admin_label= »Bild » _builder_version= »3.23&Prime; animation_style= »slide » animation_direction= »left » animation_duration= »500ms » animation_intensity_slide= »10% » use_border_color= »off » border_color= »#ffffff » border_style= »solid » animation= »left » sticky= »off »] [/et_pb_image][/et_pb_column][/et_pb_row][/et_pb_section]</p>

<p>&nbsp; La BLÉI VUM SÉI est membre de la famille commerciale „vum Séi“. C&rsquo;est sous ce nom et label qu&rsquo;elle fabrique ses produits suivant les critères et prescriptions du cahier de charge sous le contrôle de l&rsquo;administration du parc naturel de la Haute-Sûre. Cela concerne notamment la provenance des matières premières, la technique de production, [&hellip;]</p>
