{"id":953,"date":"2016-06-18T14:46:50","date_gmt":"2016-06-18T12:46:50","guid":{"rendered":"http:\/\/bvs.lu\/product\/naturpark-seef-1-litre\/"},"modified":"2021-07-15T08:33:03","modified_gmt":"2021-07-15T06:33:03","slug":"naturpark-seef-1-litre","status":"publish","type":"product","link":"https:\/\/bvs.lu\/fr\/produit\/naturpark-seef-1-litre\/","title":{"rendered":"Naturpark-Seef  1litre"},"content":{"rendered":"<p>[et_pb_section fb_built=\u00a0\u00bb1&Prime; _builder_version=\u00a0\u00bb3.22&Prime; custom_padding=\u00a0\u00bb0px||||false|false\u00a0\u00bb][et_pb_row _builder_version=\u00a0\u00bb3.25&Prime; background_size=\u00a0\u00bbinitial\u00a0\u00bb background_position=\u00a0\u00bbtop_left\u00a0\u00bb background_repeat=\u00a0\u00bbrepeat\u00a0\u00bb width=\u00a0\u00bb100%\u00a0\u00bb custom_padding=\u00a0\u00bb0px||0px||false|false\u00a0\u00bb][et_pb_column type=\u00a0\u00bb4_4&Prime; _builder_version=\u00a0\u00bb3.25&Prime; custom_padding=\u00a0\u00bb|||\u00a0\u00bb custom_padding__hover=\u00a0\u00bb|||\u00a0\u00bb][et_pb_wc_breadcrumb _builder_version=\u00a0\u00bb3.0.47&Prime;][\/et_pb_wc_breadcrumb][et_pb_wc_cart_notice _builder_version=\u00a0\u00bb3.0.47&Prime;][\/et_pb_wc_cart_notice][\/et_pb_column][\/et_pb_row][et_pb_row column_structure=\u00a0\u00bb1_2,1_2&Prime; _builder_version=\u00a0\u00bb3.25&Prime; background_size=\u00a0\u00bbinitial\u00a0\u00bb background_position=\u00a0\u00bbtop_left\u00a0\u00bb background_repeat=\u00a0\u00bbrepeat\u00a0\u00bb width=\u00a0\u00bb100%\u00a0\u00bb custom_padding=\u00a0\u00bb0px||||false|false\u00a0\u00bb][et_pb_column type=\u00a0\u00bb1_2&Prime; _builder_version=\u00a0\u00bb3.25&Prime; custom_padding=\u00a0\u00bb|||\u00a0\u00bb custom_padding__hover=\u00a0\u00bb|||\u00a0\u00bb][et_pb_wc_images _builder_version=\u00a0\u00bb3.0.47&Prime;][\/et_pb_wc_images][\/et_pb_column][et_pb_column type=\u00a0\u00bb1_2&Prime; _builder_version=\u00a0\u00bb3.25&Prime; custom_padding=\u00a0\u00bb|||\u00a0\u00bb custom_padding__hover=\u00a0\u00bb|||\u00a0\u00bb][et_pb_wc_title _builder_version=\u00a0\u00bb3.0.47&Prime;][\/et_pb_wc_title][et_pb_wc_rating _builder_version=\u00a0\u00bb3.0.47&Prime;][\/et_pb_wc_rating][et_pb_wc_price _builder_version=\u00a0\u00bb3.0.47&Prime;][\/et_pb_wc_price][et_pb_wc_description _builder_version=\u00a0\u00bb3.0.47&Prime;][\/et_pb_wc_description][et_pb_wc_add_to_cart _builder_version=\u00a0\u00bb3.0.47&Prime;][\/et_pb_wc_add_to_cart][et_pb_wc_meta _builder_version=\u00a0\u00bb3.0.47&Prime;][\/et_pb_wc_meta][\/et_pb_column][\/et_pb_row][et_pb_row _builder_version=\u00a0\u00bb3.25&Prime; background_size=\u00a0\u00bbinitial\u00a0\u00bb background_position=\u00a0\u00bbtop_left\u00a0\u00bb background_repeat=\u00a0\u00bbrepeat\u00a0\u00bb width=\u00a0\u00bb100%\u00a0\u00bb][et_pb_column type=\u00a0\u00bb4_4&Prime; _builder_version=\u00a0\u00bb3.25&Prime; custom_padding=\u00a0\u00bb|||\u00a0\u00bb custom_padding__hover=\u00a0\u00bb|||\u00a0\u00bb][et_pb_wc_tabs _builder_version=\u00a0\u00bb3.0.47&Prime;]\t\t\t\t\t[\/et_pb_wc_tabs][et_pb_wc_upsells _builder_version=\u00a0\u00bb3.0.47&Prime;][\/et_pb_wc_upsells][et_pb_wc_related_products _builder_version=\u00a0\u00bb3.0.47&Prime;][\/et_pb_wc_related_products][\/et_pb_column][\/et_pb_row][\/et_pb_section]<\/p>\n","protected":false},"excerpt":{"rendered":"<p>Le gel lavant a \u00e9t\u00e9 \u00e9labor\u00e9 avec des ingr\u00e9dients locaux tels qu\u2019un extrait d\u2019\u00e9corce de ch\u00eane et un distillat de camomille (coop\u00e9rative T\u00e9i vum S\u00e9i) et de conif\u00e8res. Sans additif texturisant, ce savon est tr\u00e8s \u00e9conomique gr\u00e2ce sa concentration en tensio-actif \u00e9lev\u00e9e. Ce produit est facilement biod\u00e9gradable et contient un m\u00e9lange d\u2019huiles essentielles s\u00e9lectionn\u00e9es pour leurs propri\u00e9t\u00e9s soignantes \u00bb Disponible en flacons de 30 cl ou d\u2019un litre.<\/p>\n","protected":false},"featured_media":1947,"comment_status":"open","ping_status":"closed","template":"","meta":{"_et_pb_use_builder":"on","_et_pb_old_content":"<strong>Composition<\/strong>:\r\n\r\nAqua, \u00e4therisches Naturpark-Destillat, Lohe\/Kamillenextrakt, MIPA-Laureth Sulfate, Cocamidopropyl Betain, PEG-10 Olive Glycerides, Sodium Cocoyl Glutamate, \u00e4therische \u00d6le von Nadelb\u00e4umen und Kamille, Benzyl Alcohol, Benzoic Acid, Dehydroacetic Acid, Tocopherol, \u00e4therische \u00d6le.","_et_gb_content_width":""},"product_brand":[],"product_cat":[45],"product_tag":[],"class_list":{"0":"post-953","1":"product","2":"type-product","3":"status-publish","4":"has-post-thumbnail","6":"product_cat-gel-lavant-et-shampoing","7":"product_shipping_class-luxembourg","9":"first","10":"instock","11":"taxable","12":"shipping-taxable","13":"purchasable","14":"product-type-simple"},"_links":{"self":[{"href":"https:\/\/bvs.lu\/fr\/wp-json\/wp\/v2\/product\/953","targetHints":{"allow":["GET"]}}],"collection":[{"href":"https:\/\/bvs.lu\/fr\/wp-json\/wp\/v2\/product"}],"about":[{"href":"https:\/\/bvs.lu\/fr\/wp-json\/wp\/v2\/types\/product"}],"replies":[{"embeddable":true,"href":"https:\/\/bvs.lu\/fr\/wp-json\/wp\/v2\/comments?post=953"}],"wp:featuredmedia":[{"embeddable":true,"href":"https:\/\/bvs.lu\/fr\/wp-json\/wp\/v2\/media\/1947"}],"wp:attachment":[{"href":"https:\/\/bvs.lu\/fr\/wp-json\/wp\/v2\/media?parent=953"}],"wp:term":[{"taxonomy":"product_brand","embeddable":true,"href":"https:\/\/bvs.lu\/fr\/wp-json\/wp\/v2\/product_brand?post=953"},{"taxonomy":"product_cat","embeddable":true,"href":"https:\/\/bvs.lu\/fr\/wp-json\/wp\/v2\/product_cat?post=953"},{"taxonomy":"product_tag","embeddable":true,"href":"https:\/\/bvs.lu\/fr\/wp-json\/wp\/v2\/product_tag?post=953"}],"curies":[{"name":"wp","href":"https:\/\/api.w.org\/{rel}","templated":true}]}}

<p>Le gel lavant a été élaboré avec des ingrédients locaux tels qu’un extrait d’écorce de chêne et un distillat de camomille (coopérative Téi vum Séi) et de conifères. Sans additif texturisant, ce savon est très économique grâce sa concentration en tensio-actif élevée. Ce produit est facilement biodégradable et contient un mélange d’huiles essentielles sélectionnées pour leurs propriétés soignantes » Disponible en flacons de 30 cl ou d’un litre.</p>

<strong>Composition</strong>:

Aqua, ätherisches Naturpark-Destillat, Lohe/Kamillenextrakt, MIPA-Laureth Sulfate, Cocamidopropyl Betain, PEG-10 Olive Glycerides, Sodium Cocoyl Glutamate, ätherische Öle von Nadelbäumen und Kamille, Benzyl Alcohol, Benzoic Acid, Dehydroacetic Acid, Tocopherol, ätherische Öle.
